hen d is divided by t.
16
Suppose 17*x = 8*x + 108. What is the remainder when x is divided by 7?
5
Let t(f) = -24*f - 240. What is the remainder when t(-12) is divided by 33?
15
Let s be (-18)/(-12)*(-42)/(-9). Let d = s + 239. What is the remainder when d is divided by 50?
46
Let p = -196 + 320. Calculate the remainder when p is divided by 8.
4
Suppose 0 = -67*b + 65*b + 112. Let k = -50 + b. What is the remainder when 27 is divided by k?
3
Suppose 0 = -i + 47 - 9. Let k = i + -20. What is the remainder when (-6)/2 + k + -2 is divided by 4?
1
Let y be ((-24)/(-16))/((-9)/(-24)). Suppose y*s - 53 = 23. Calculate the remainder when s is divided by (-75)/(-7) - 4/(-14).
8
Suppose 27*b - 2342 = 709. Calculate the remainder when b is divided by 15.
8
Suppose -2*o = -3*o + 2*h + 1, -4*h = 4. Let x = -3 + o. What is the remainder when 319/6 - x/(-24) is divided by 11?
9
Let d = -7 + 19. Suppose 11 = z - d. Let v = 40 - z. What is the remainder when 31 is divided by v?
14
Let y(n) be the third derivative of n**4/24 + n**3/6 - 10*n**2. Calculate the remainder when 46 is divided by y(7).
6
Let q(h) = -2*h**2 + 140*h - 238. Let s(b) = -17*b - 2. What is the remainder when s(-8) is divided by q(68)?
32
Let b = 83 + -48. Let v(u) = u**2 + 2*u + 5. Suppose 2*i - 4*s + 28 = 0, 2*s - 4*s + 18 = -2*i. What is the remainder when b is divided by v(i)?
9
Let b be (1 + 1)/(4/(-10)). Let q(r) = -2*r + r - 5 + 0*r - 2*r. Calculate the remainder when 18 is divided by q(b).
8
Let s(i) = 4*i. Let x be s(12). Suppose -x = -0*a - 4*a. Calculate the remainder when 63 is divided by (56/21)/(2/a).
15
Let s be -1 - (-15)/10*2. Calculate the remainder when s/8 - (-155)/4 is divided by 8.
7
Suppose -2*t - 138 = -5*t. Suppose -z = -t - 59. Suppose 2*p = -p + z. What is the remainder when p is divided by 12?
11
Let p = -571 - -1022. What is the remainder when p is divided by 22?
11
Let t be (-2 + (2 - -8))/1. Let c = 10 - t. Suppose c*z - 8 = -0*z, -3*l + 14 = 2*z. What is the remainder when l is divided by 2?
0
Calculate the remainder when (-2)/1 + 67 - 0/20 is divided by 18.
11
Suppose -35*f + 3*j - 19 = -39*f, 4*f = 3*j + 37. What is the remainder when 529 is divided by f?
4
Suppose -l - 3*u = 0, 5*u + 3 = 2*l - 8. Let j be 14/5 - (-2)/10. Let n(k) = 3*k - 4. What is the remainder when n(j) is divided by l?
2
Let r be ((-8)/2 + 4)*2/4. Suppose -4*z - 109 = -5*h, 3*h = -r*h - 5*z + 58. Calculate the remainder when 62 is divided by h.
20
Suppose -3*x - 2*g + 898 = -91, 0 = 5*x - g - 1657. Calculate the remainder when x is divided by 83.
82
Calculate the remainder when (47/(-2))/((-5)/(20/2)) is divided by 24.
23
Suppose -3*t + 89 = 4*k - 6, -k + 14 = 4*t. Let d = -21 + k. Calculate the remainder when d is divided by (2 + -3)/1*-3.
2
Let c be 1150/(-60) - (-2)/12. Let d = c + 40. Suppose -10 = -3*u + 14. Calculate the remainder when d is divided by u.
5
Suppose -6*t + 4*t = -2076. Let u be 2/(-6) - t/(-9). Suppose 0 = 6*m - m - u. Calculate the remainder when 43 is divided by m.
20
Let a(s) = s - 15. Let i be a(22). What is the remainder when 28/98 - (-89)/i is divided by -1*2 + (4 - -2)?
1
Let j(l) = -l**3 + 7*l**2 + 8. What is the remainder when j(7) is divided by 8?
0
Suppose 2*s = -4*q + 7*s + 21, -s + 39 = 4*q. Calculate the remainder when 366 is divided by q.
6
What is the remainder when 22/3*12/8 is divided by 2?
1
Suppose -13425 = 4*j - 79*j. Calculate the remainder when j is divided by 122.
57
Suppose 2*b = -5*u - 101, -3*u + 6*u + 3 = 0. Let h = 6 - b. What is the remainder when h is divided by 28?
26
Suppose 0 = 6*n + 6*n - 288. Suppose -4*o + 995 = 195. Suppose -d = -5*g + 3*d + 245, 4*d + o = 4*g. Calculate the remainder when g is divided by n.
21
Suppose 4*a - 207 - 61 = 0. Suppose 5*b - a = 4*k, 3*b - 24 = 4*k + 13. What is the remainder when b is divided by 78/6 + (1 - 5)?
6
Let l(b) = -5*b - 52. Suppose -3*c = -4*y - 6*c + 55, -75 = -5*y - 5*c. Calculate the remainder when l(-13) is divided by y.
3
Let x be 8*(-5)/10*1. Let c = x + 14. Calculate the remainder when 39 is divided by c.
9
Suppose 2*r = -o + 30, -2*o - 30 - 29 = -3*r. Let n = 5 - -2. What is the remainder when r is divided by n?
3
Suppose q + 2*q - 12 = 0. Calculate the remainder when 61 is divided by (-2)/(-8)*2 - (-86)/q.
17
Suppose 0 = -5*d - 16 + 6. Calculate the remainder when 2*19 - (2 + d) is divided by (14 + -12)*110/(-33)*12/(-10).
6
Let t(k) = -5*k - 5. Suppose 4*z - 8*z + 29 = 3*x, -x + 8 = 3*z. Calculate the remainder when t(-4) is divided by x.
4
Let w be 0 + -3 + 18 - -2. Suppose -w - 128 = -5*u. Suppose 3*v = 2*p + 19 + 30, -3*p = 2*v - 24. Calculate the remainder when u is divided by v.
14
Let x be 365/(-20) - (-1)/4. Let q = 37 + -62. Let w = x - q. What is the remainder when 27 is divided by w?
6
Suppose 3*z - v = 230, -188 = 5*z - 4*v - 576. Suppose 15 = -5*o, 0 = -k - 5*o + 11 + z. What is the remainder when k is divided by 26?
24
Let y = 18 - 12. Suppose -20 = 4*l - 9*l. Suppose 70 = l*z - y. Calculate the remainder when 75 is divided by z.
18
Let r(t) = 36*t + 9 - 8*t + 5*t. What is the remainder when r(4) is divided by 36?
33
Suppose 2 = s - 2, 2*s = -5*j + 73. Let z(b) = -2*b + 38. Suppose -4*q + q = 0. What is the remainder when z(q) is divided by j?
12
Let t = -238 - -241. Let c(v) = -2*v - 4. Calculate the remainder when c(-5) is divided by t.
0
Let l = 44 - 40. What is the remainder when (-3)/(3/(-44)*2) is divided by l - 6 - (-3 + 4)*-10?
6
Suppose 12*j + 3 = 15. Calculate the remainder when j is divided by 1.
0
Let p(s) = s**3 - 5*s**2 - 6*s + 14. Let x be p(7). Let n = 56 - 95. Let g = n + x. What is the remainder when g is divided by 8?
7
Let d(u) = -u**3 - 9*u**2 - 3*u + 4. Let l be (54/(-12))/(2/4). What is the remainder when d(l) is divided by (-9 - (1 - 2))/((-8)/16)?
15
Suppose -244 = -4*a - 24. Calculate the remainder when 102 is divided by a.
47
Suppose 0 = 2*y - 37 - 7. What is the remainder when 59 is divided by y?
15
What is the remainder when (2/(-5))/((-38)/16435) is divided by 41 - (2/9 - (-520)/90)?
33
What is the remainder when (12/10)/(794/(-160) - -5) is divided by 17?
15
Suppose -4*t - 1014 = -3*q - t, -1740 = -5*q - 5*t. Calculate the remainder when q is divided by 43.
42
Suppose 4*z = -2*v + 55 + 17, -24 = -2*z + 2*v. What is the remainder when ((-50)/40)/((-1)/z) is divided by 6?
2
Let u be (1 - 0) + 3 - -26. Suppose u = -k + 4*k. Calculate the remainder when 59 is divided by k.
9
Let w = 1316 - 1224. Calculate the remainder when w is divided by 12.
8
Let b(s) = 23*s + 86. Let x(g) = -8*g - 29. Let k(i) = 6*b(i) + 17*x(i). What is the remainder when 42 is divided by k(-6)?
9
Let u = 527 + -512. What is the remainder when 40 is divided by u?
10
Let g(k) = -5*k + 12. Let h = -697 + 711. Calculate the remainder when g(-5) is divided by h.
9
Let o(g) = -4*g - 21. What is the remainder when 52 is divided by o(-8)?
8
Let t(x) = -x + 2*x - x - x + 19. What is the remainder when 17 is divided by t(8)?
6
Let k = -1 - -5. Suppose -k*b + 68 = -0*b. What is the remainder when b is divided by ((-48)/28)/((-2)/7)?
5
Let x(o) = o**2 - 37*o + 52*o - 2*o**2 + 40 - 14. What is the remainder when x(13) is divided by 18?
16
Let y be 9/(((-9)/(-60))/1). Suppose 2*q + y = 6*q. Suppose -s + 78 = 2*s. What is the remainder when s is divided by q?
11
Let q(c) = -c**2 + 7*c - 2. Let r be q(9). Let p be (29 + -1)*-1 + -2. Let v = r - p. What is the remainder when 25 is divided by v?
5
Let s(y) = y**2 + 23. Suppose 2*l + 17 = 5*f, -5*f - 5*l = -0*f - 10. Suppose -q = -f*q + 16. Calculate the remainder when s(0) is divided by q.
7
Let n(f) = -3*f + 9. Let t be n(3). Suppose -q + 20 + 17 = t. What is the remainder when q is divided by 19?
18
Let s be -6*(20/12 + -1). Let i be s*1/(-4)*24. Suppose -2*n + i = 8. Calculate the remainder when 29 is divided by n.
5
Let j(k) = -44*k + 689. Calculate the remainder when j(9) is divided by 74.
71
Let w(c) = -8*c + 1. Let q be (3 + (-14)/10)*15. Let l = q + -17. What is the remainder when w(-3) is divided by l?
4
Let l = -83 + 79. What is the remainder when 24 is divided by (308/(-98))/(l/14)?
2
Let r be (-4)/(-18) - 484/(-9). Suppose r = 2*w + 4*w. What is the remainder when w is divided by 5?
4
Let v(w) = 2*w**2 + 7*w - 1. Supp